(11 - 19) + (-3 - -14)?
3
Evaluate -1 - (-2 + 1) - 5.
-5
Calculate 1 + (-3 - (-2 + 3)) - 0.
-3
What is -5 - (5 - 18 - (-1 + 0))?
7
Evaluate 10 - ((-3 - -10) + -4).
7
1 - 2 - (0 + -1) - -1
1
Evaluate 2 - 8 - 1 - -3.
-4
Calculate ((-2 - 3) + 16 - 7) + -12.
-8
Calculate 0 - -2 - (-21 - -6 - -9).
8
-6 - (-7 - -9) - -6
-2
Calculate -5 - (0 + -14 + (36 - 32)).
5
Calculate (2 - 1) + 4 + -6 + 6.
5
5 - (-4 + (0 - -4) - -7)
-2
10 + -1 + (32 - 41)
0
Calculate (5 - (3 + 1)) + -3 - 0.
-2
Evaluate -8 + 19 + 3 - 8.
6
What is the value of (8 - 7) + -8 + 13?
6
What is -2 - -1 - (-10 - -3 - -10)?
-4
(-1 - -2) + -3 + 3 + -6
-5
2 + -4 - ((6 - 4) + -1)
-3
What is -4 - (-4 - (5 - 5 - -3))?
3
-9 - -8 - (-6 + 1)
4
Evaluate (-4 - -8) + 1 + -2 - -1.
4
Evaluate -3 + (0 + 7 - (13 + -7)).
-2
0 + (-9 - -1) + 4
-4
86 + -97 + (7 - 1)
-5
Evaluate (3 - 18) + (5 - -4).
-6
-2 + (6 - -1) - (22 + -23)
6
Evaluate 1 + (0 - (-6 - -4)) + -1.
2
(2 - 3) + 3 + -1
1
5 - 14 - (3 + -12)
0
What is -17 - -1 - -10 - -3?
-3
Calculate -2 + (9 - (11 - (7 + -2))).
1
2 + (0 - 1) + 2
3
What is the value of (-8 - -23 - 7) + 0 + -7?
1
Calculate (0 + -4 - (2 + -5)) + -1.
-2
What is 6 + -1 + (2 + -2 - 8)?
-3
4 + 2 - 3 - -2
5
Calculate 3 + 3 + -4 + 1 + 2.
5
0 - (4 + 2 + -2)
-4
-2 - (-3 - (-4 + 2))
-1
What is 5 + -2 + 4 + -5 + 2?
4
Calculate 4 + -3 + 2 + -2 + -2.
-1
What is the value of 0 - (-3 - 0) - 5?
-2
Evaluate -8 + 12 - (0 - 0).
4
What is the value of 4 + 2 + -6 - -3?
3
Calculate 0 + -2 - 5 - (56 - 56).
-7
Calculate (5 - 25) + 15 + (-3 - 0).
-8
Calculate 17 + -13 + (0 - 1) - -1.
4
What is -4 + (-4 - (8 + -16))?
0
What is -1 + (3 + 2 - 10 - -2)?
-4
Evaluate 0 - (2 + -8 + 1 - -4).
1
Calculate 1 - ((-4 - -12) + 2).
-9
What is the value of 12 + -5 + 3 + -6?
4
What is the value of -2 + (6 - (-5 + 12))?
-3
What is -2 + 9 + -3 - -2 - 11?
-5
(1 + 0 - 2) + 5
4
What is -5 + -2 - (-15 + -3 + 12)?
-1
What is -3 + (-7 - (-3 + (-1 - 3)))?
-3
Evaluate -16 + 20 + (-11 + 2 - -1).
-4
What is the value of 6 + -11 + 3 + 3 - 0?
1
Calculate -4 - -6 - (-2 - -5 - -3).
-4
What is 2 - ((1 - (2 + 0)) + 3)?
0
12 + -13 + 5 - (15 + -5)
-6
-3 - (2 - 6 - -3)
-2
What is the value of 3 - ((5 - 1) + 4 + 5)?
-10
What is 5 - (4 + (-3 - 1))?
5
What is (-7 - (-4 - -2)) + 2?
-3
Evaluate 1 - (4 - 6 - -6) - 6.
-9
Evaluate (9 - -3) + -6 - (3 - -2).
1
What is 3 - (-6 - (-13 + 0))?
-4
What is the value of 4 + -10 - (-12 + 2)?
4
What is 1 + (-5 - (0 + -1 + -8))?
5
What is the value of -2 + 1 - (16 + -25)?
8
Calculate 8 + -16 + (2 - -4).
-2
What is the value of 3 + (2 - -1 - -1) + -4?
3
What is -4 + -5 + (3 + 0 - -1)?
-5
Calculate -8 - -11 - 5 - 1.
-3
What is the value of 1 + -3 + 6 + 0?
4
What is 1 + 2 + -2 + -1?
0
(3 - (3 + 6)) + (30 - 26)
-2
What is -13 - (-7 + 4) - -3?
-7
Calculate -287 + 295 + (3 + -1 - 2).
8
Evaluate -1 - (1 - (-7 - -7)).
-2
Calculate 10 - 7 - ((8 - 1) + -4).
0
What is (-7 - (2 - 7) - 6) + 18?
10
What is (1 + 0 - 0) + -8 + 8?
1
Evaluate -11 + (3 - -2) + 14 + -12.
-4
Evaluate -9 - (14 + -30) - (1 - -10).
-4
What is the value of -2 + 3 + (2 - 2) + 4?
5
What is 8 - 0 - (-58 + 62)?
4
What is 0 + (-1 - -4 - (2 + 2))?
-1
What is the value of (-33 - -12) + 14 + (-1 - -8)?
0
(1 - 1) + (-1 - (2 - 2))
-1
Evaluate 6 + 0 + 1 + (-4 - -2).
5
Calculate -3 + 3 + -1 - -3.
2
What is (18 - 3) + -53 + 43?
5
What is the value of 1 + 0 - ((3 - 1) + -1)?
0
Evaluate 3 + (3 - (4 - -1)).
1
What is the value of (5 - 2) + -3 - (1 - 5)?
4
Evaluate 2 + (1 + 1 - 4) - -2.
2
(3 - (1 - (2 - 2))) + 0
2
Calculate -2 - 0 - (45 + -42).
-5
What is -1 + 0 + (-12 - -33) + -13?
7
What is 4 - 2 - (2 - 3)?
3
What is -2 - (-4 + 6) - (0 - 1)?
-3
What is -8 - (0 + -5 - -1 - -1)?
-5
What is the value of 7 - (10 + -3 + 5)?
-5
Calculate 11 + -7 + -4 + (-1 - 2).
-3
What is the value of -166 + 155 - (-5 + -1)?
-5
Evaluate 7 + -7 + (-5 - -2) - -8.
5
-4 - (-5 + -10 + 10)
1
Evaluate 8 - (-1 + 12 + -4).
1
Calculate 92 - 94 - (-2 + 0).
0
1 + (3 - (-5 - -8))
1
Evaluate -6 + 15 + -3 - 3.
3
What is -5 - (-3 + 6 + 1 + -3)?
-6
Calculate 2 - -8 - (18 - 6).
-2
(-11 - 7) + 0 + 8
-10
What is the value of -10 - (6 - 11) - -11?
6
Calculate -3 + 8 + (-8 - -7).
4
2 - (1 + (3 - -2))
-4
Calculate -6 + 5 + -2 - 2.
-5
What is -6 + (2 + 0 - (-3 - -3))?
-4
Evaluate -15 + (21 - 8) - (-8 + 0).
6
Evaluate 2 + 0 + -2 - (-1 - -2).
-1
What is the value of 2 + -8 + 0 + 1?
-5
-5 + (5 - (3 + 2) - -3)
-2
What is -5 + (0 - -2) + -7 + 11?
1
Calculate (2 - 4) + (0 - -3) - 2.
-1
What is the value of (-15 - -21) + (-10 - 0)?
-4
(-3 - 0) + 8 + -2
3
(4 - (3 + -2)) + 1 + 0
4
-1 + -3 + 8 - 8
-4
Calculate 0 - (-1 + -1 - -5 - 3).
0
What is 2 + (-4 - -2 - (7 + -11))?
4
-3 + -2 + 1 + (1 - -8)
5
Calculate 2 + 5 + -1 + -12.
-6
Evaluate 7 + (2 - (6 + 1)) + -7.
-5
What is the value of 2 - (-4 + 3 + (-2 - -5))?
0
(0 - 2) + (3 - -1)
2
6 + (1 + -7 + 5 - 2)
3
17 + -14 + (11 - 7)
7
What is the value of -2 - (-4 + 14 - 8)?
-4
Evaluate -7 - (3 + -8 - 4).
2
What is the value of 8 + (4 - 9) + 1 + -1?
3
What is (0 - 3) + (6 - (-10 - -12))?
1
-1 + 0 + 0 + 2
1
What is -2 + -1 + (12 - (1 - -11))?
-3
What is 2 + -6 + 6 - 3 - 0?
-1
Calculate (-13 - (-7 - -5)) + 10.
-1
What is the value of 0 + 2 + (-6 - 1) - -3?
-2
0 + (-3 - (-3 - (1 - -2)))
3
Calculate 2 - ((3 - -2) + 1 + -6).
2
Evaluate 2 - (-11 - -8) - -2.
7
Calculate -78 + 88 + 0 + -5 + 1.
6
What is (-9 - -4) + (9 - 5) + -1?
-2
Evaluate 2 + -2 + (-10 - -6).
-4
Evaluate (-7 - (-2 - -1)) + 11.
5
Calculate (-10 - -7) + 0 + 6 + -3.
0
Calculate 5 - (2 - 2) - 2.
3
Evaluate (-10 - 0) + 3 + 2.
-5
(-4 - (-3 - -1)) + 1
-1
Calculate -8 - (4 - 12) - (7 - 1).
-6
Evaluate -4 - (4 + (-5 - 0) + 2).
-5
What is -1 + -9 - (-30 + 25)?
-5
Evaluate (-13 - -2) + (2 - (0 - 4)).
-5
Evaluate -11 + (0 - -2) + 8.
-1
Calculate -4 - (-10 - (-11 + 3)).
-2
3 + (-1 - -5 - 2)
5
-7 + (-50 - -52) + 14 + 1
10
Calculate -5 + (-6 - -9) - -9.
7
Calculate 1 + (-3 - (2 + -8)) + -7.
-3
(-9 - (3 + -4)) + (-2 - -8)
-2
What is 0 - 3 - -5 - 2?
0
What is (1 - -1 - 4) + 14 + -13?
-1
What is (-1 - (-6 - -10)) + 8?
3
Calculate (-16 - -10) + 11 + 1.
6
What is the value of (11 - 10) + (-5 - 1)?
-5
Calculate 3 - (3 - -6 - 1) - -7.
2
Calculate (5 - -4 - -2) + -5.
6
What is -3 - ((-2 - -3) + -5 - -1)?
0
What is the value of -1 + 1 + -1 - (145 + -147)?
1
Evaluate 23 + 5 + (6 - 16) + -7.
11
Calculate -1 + 3 + (5 - 11) + 2.
-2
What is the value of -16 + 10 + -19 + 20?
-5
5 + -11 - ((1 - 5) + 1)
-3
Calculate 6 + -2 - (-7 - -5 - -1).
5
What is the value of 6 + -5 + 0 + 4?
5
(9 - 5) + -4 + -4
-4
Calculate 11 + -2 - 8 - (-3 + -1).
5
What is the value of -6 - (7 + -8 - 9)?
4
What is the value of -5 - (-17 - (9 - 18))?
3
(0 - (-5 + 2)) + 2
5
4 + (0 - -2) + -4
2
What is (-3 - 3) + 3 + 7?
4
Calculate 2 - 5 - (-2 - -2).
-3
Evaluate -9 + 4 + 9 + -6.
-2
Calculate 2 - (7 + -5 - -3).
-3
What is the value of (2 - 6) + (3 - (2 - -1))?
-4
5 + (-5 - -5 - -1) + -4
2
What is the value of -2 + -4 + 8 - 3 - -4?
3
Calculate (-4 - -2) + (-5 - -9) + 2.
4
What is the value of -5 + 6 + -8 + 9?
2
Calculate -5 + (6 - 1) - (-3 - 0).
3
(-7 + 8 - (0 - -1)) + -4
-4
(-5 - (-7 + -2)) + -4 + 3
3
What is the value of -6 + 1 + (6 - 2)?
-1
Calculate (-3 - -10) + -3 - 0 - 9.
-5
-4 - (-7 + -3 + 2)
4
What is 76 + -68 - (-1 + 9)?
0
What is the value of -11 - (6 + (-16 - -2 - -3))?
-6
What is the value of -2 + 5 + -2 + -1 - -3?
3
Calculate 10 + -11 + -12 + 5.
-8
(-2 - (4 - (5 - -3))) + -2
0
(-3 - 2) + -4 + 5
-4
Evaluate -2 - (1 - -2 - 8).
3
What is the value of -5 + 4 + -2 + 2?
-1
Evaluate 2 + (-1 - 1) + 3 + -7.
-4
Evaluate 4 + (-8 + 2 - -3).
1
Calculate 0 + -3 + -32 + 38.
3
What is the value of 3 + 1 + 4 + -11?
-3
Calculate 2 - (-14 + 10 + 3).
3
7 - 3 - (0 + 8)
-4
Calculate 3 + -3 - (-1 + 3 - 0).
-2
-3 + (-2 - 0) + (-35 - -46)
6
Evaluate 9 - (5 - (-6 - -3)).
1
What is the value of -1 + 0 - (-10 + 9)?
0
What is 3 - 1 - -1 - (2 + -3)?
4
-8 - -7 - (-1 + (0 - -1))
-1
Calculate (-2 - (-3 - -4)) + (11 - 7).
1
What is 32 + -38 - (1 + -8)?
1
What is 13 + -23 + 14 - (-5 + 1)?
8
What is the value of 0 + 0 + (-2 - -3 - -1)?
2
Evaluate 2 - 8 - -6 - 3.
-3
What is the value of (6 - -4) + 5 + -9?
6
What is the value of -1 - -5 - (-2 - -3) - 3?
0
What is -6 - (2 + -3 + -2)?
-3
-14 + (0 - -1) + (0 - -8)
-5
What is the value of -7 - (-7 - 6 - -6)?
0
9 + 0 + -7 + 2
4
Calculate 8 - (4 - -2) - 2.
0
W